 the ten thousands digit of 17588?
1
What is the thousands digit of 3746?
3
What is the hundreds digit of 9292?
2
What is the units digit of 11386?
6
What is the hundreds digit of 304?
3
What is the hundreds digit of 1263?
2
What is the hundreds digit of 9882?
8
What is the units digit of 1023?
3
What is the thousands digit of 1126?
1
What is the thousands digit of 5570?
5
What is the thousands digit of 5149?
5
What is the tens digit of 1661?
6
What is the units digit of 89597?
7
What is the tens digit of 1162?
6
What is the tens digit of 752?
5
What is the units digit of 1697?
7
What is the units digit of 1780?
0
What is the thousands digit of 30219?
0
What is the units digit of 15873?
3
What is the hundreds digit of 31559?
5
What is the tens digit of 1052?
5
What is the tens digit of 4715?
1
What is the units digit of 9197?
7
What is the hundreds digit of 5917?
9
What is the tens digit of 6076?
7
What is the units digit of 3550?
0
What is the units digit of 8656?
6
What is the units digit of 937?
7
What is the tens digit of 6354?
5
What is the thousands digit of 2140?
2
What is the hundreds digit of 652?
6
What is the ten thousands digit of 155093?
5
What is the units digit of 1436?
6
What is the ten thousands digit of 15129?
1
What is the tens digit of 6555?
5
What is the units digit of 638?
8
What is the hundreds digit of 70355?
3
What is the hundreds digit of 871?
8
What is the units digit of 353?
3
What is the thousands digit of 13241?
3
What is the ten thousands digit of 15617?
1
What is the units digit of 81697?
7
What is the ten thousands digit of 15629?
1
What is the units digit of 2515?
5
What is the tens digit of 17746?
4
What is the thousands digit of 1830?
1
What is the tens digit of 12538?
3
What is the thousands digit of 44020?
4
What is the thousands digit of 10842?
0
What is the tens digit of 69230?
3
What is the thousands digit of 1740?
1
What is the thousands digit of 3525?
3
What is the thousands digit of 75864?
5
What is the tens digit of 2867?
6
What is the thousands digit of 2483?
2
What is the hundreds digit of 659?
6
What is the units digit of 9?
9
What is the units digit of 6824?
4
What is the hundreds digit of 1239?
2
What is the tens digit of 6998?
9
What is the hundreds digit of 8099?
0
What is the hundreds digit of 3151?
1
What is the tens digit of 117830?
3
What is the hundreds digit of 27321?
3
What is the hundreds digit of 1099?
0
What is the ten thousands digit of 34864?
3
What is the hundreds digit of 7267?
2
What is the hundreds digit of 89145?
1
What is the tens digit of 48730?
3
What is the hundreds digit of 19127?
1
What is the ten thousands digit of 26224?
2
What is the thousands digit of 7692?
7
What is the tens digit of 23591?
9
What is the units digit of 23706?
6
What is the units digit of 8462?
2
What is the hundreds digit of 3154?
1
What is the units digit of 1390?
0
What is the hundreds digit of 6084?
0
What is the units digit of 20277?
7
What is the tens digit of 929?
2
What is the tens digit of 7896?
9
What is the units digit of 379?
9
What is the thousands digit of 6577?
6
What is the hundreds digit of 1005?
0
What is the units digit of 968?
8
What is the tens digit of 669?
6
What is the tens digit of 343?
4
What is the units digit of 14215?
5
What is the ten thousands digit of 11987?
1
What is the units digit of 759?
9
What is the tens digit of 4351?
5
What is the thousands digit of 3055?
3
What is the units digit of 63124?
4
What is the thousands digit of 24200?
4
What is the hundreds digit of 6660?
6
What is the tens digit of 736?
3
What is the tens digit of 31185?
8
What is the ten thousands digit of 143589?
4
What is the units digit of 42712?
2
What is the tens digit of 551?
5
What is the hundreds digit of 55888?
8
What is the ten thousands digit of 33144?
3
What is the units digit of 16335?
5
What is the hundreds digit of 10331?
3
What is the ten thousands digit of 22530?
2
What is the hundreds digit of 1028?
0
What is the units digit of 164?
4
What is the units digit of 648?
8
What is the tens digit of 634?
3
What is the ten thousands digit of 14776?
1
What is the hundreds digit of 3362?
3
What is the units digit of 28987?
7
What is the hundreds digit of 4457?
4
What is the units digit of 17?
7
What is the ten thousands digit of 26577?
2
What is the units digit of 9282?
2
What is the thousands digit of 84943?
4
What is the units digit of 90020?
0
What is the tens digit of 907?
0
What is the units digit of 33500?
0
What is the hundreds digit of 4694?
6
What is the hundreds digit of 3505?
5
What is the units digit of 94?
4
What is the units digit of 550?
0
What is the units digit of 28511?
1
What is the thousands digit of 47970?
7
What is the units digit of 80930?
0
What is the hundreds digit of 693?
6
What is the tens digit of 4641?
4
What is the ten thousands digit of 23825?
2
What is the units digit of 60735?
5
What is the units digit of 20259?
9
What is the hundreds digit of 15686?
6
What is the units digit of 11987?
7
What is the units digit of 5581?
1
What is the hundreds digit of 10700?
7
What is the units digit of 2195?
5
What is the thousands digit of 48100?
8
What is the hundreds digit of 171?
1
What is the units digit of 59754?
4
What is the hundreds digit of 996?
9
What is the thousands digit of 24730?
4
What is the hundreds digit of 1455?
4
What is the tens digit of 74922?
2
What is the tens digit of 20?
2
What is the thousands digit of 3711?
3
What is the units digit of 19772?
2
What is the thousands digit of 1669?
1
What is the units digit of 52006?
6
What is the units digit of 858?
8
What is the thousands digit of 22076?
2
What is the units digit of 10657?
7
What is the tens digit of 7177?
7
What is the tens digit of 3806?
0
What is the tens digit of 3346?
4
What is the hundreds digit of 73958?
9
What is the units digit of 78408?
8
What is the units digit of 461?
1
What is the thousands digit of 13675?
3
What is the tens digit of 8533?
3
What is the hundreds digit of 3545?
5
What is the hundred thousands digit of 138113?
1
What is the units digit of 13708?
8
What is the units digit of 130?
0
What is the hundreds digit of 2049?
0
What is the ten thousands digit of 21510?
2
What is the ten thousands digit of 10561?
1
What is the hundred thousands digit of 168479?
1
What is the tens digit of 35062?
6
What is the hundred thousands digit of 125405?
1
What is the units digit of 3179?
9
What is the units digit of 9561?
1
What is the units digit of 50429?
9
What is the units digit of 37835?
5
What is the thousands digit of 100492?
0
What is the units digit of 219?
9
What is the ten thousands digit of 78112?
7
What is the hundreds digit of 4967?
9
What is the hundreds digit of 4824?
8
What is the hundreds digit of 83977?
9
What is the ten thousands digit of 34658?
3
What is the thousands digit of 19910?
9
What is the tens digit of 5458?
5
What is the units digit of 3458?
8
What is the tens digit of 4429?
2
What is the tens digit of 628?
2
What is the tens digit of 2930?
3
What is the ten thousands digit of 33204?
3
What is the hundreds digit of 8844?
8
What is the ten thousands digit of 27402?
2
What is the tens digit of 56303?
0
What is the units digit of 4031?
1
What is the thousands digit of 5063?
5
What is the tens digit of 4364?
6
What is the hundreds digit of 648?
6
What is the tens digit of 69916?
1
What is the hundreds digit of 1749?
7
What is the hundreds digit of 203?
2
What is the units digit of 26622?
2
What is the hundreds digit of 2415?
4
What is the units digit of 15425?
5
What is the tens digit of 414?
1
What is the tens digit of 3914?
1
What is the thousands digit of 8987?
8
What is the tens digit of 14305?
0
What is the units digit of 27687?
7
What is the hundreds digit of 336?
3
What is the units digit of 34464?
4
What is the tens digit of 1909?
0
What is the units digit of 1201?
1
What is the tens digit of 13452?
5
What is the hundreds digit of 2989?
9
What is the hundreds digit of 1288?
2
What is the tens digit of 1771?
7
What is the thousands digit of 2133?
2
What is the tens digit of 69?
6
What is the hundreds digit of 638?
6
What is the thousands digit of 2554?
2
What is the tens digit of 9826?
2
What is the hundreds digit of 1835?
8
What is the tens dig